{"id":51,"date":"2012-11-17T19:46:47","date_gmt":"2012-11-17T17:46:47","guid":{"rendered":"http:\/\/computerservicevetter.de\/verein\/?page_id=51"},"modified":"2022-11-24T19:24:41","modified_gmt":"2022-11-24T17:24:41","slug":"uber-uns-2","status":"publish","type":"page","link":"https:\/\/mzh-muenster.de\/?page_id=51","title":{"rendered":"\u00dcber uns"},"content":{"rendered":"<p>Ziel unseres F\u00f6rdervereins ist der Erhalt der Mehrzweckhalle. Deshalb haben wir am 18.01.2013 ein F\u00f6rderverein gegr\u00fcndet.<\/p>\n<p>Dies beinhaltet viel Arbeit, daher bieten wir verschiedene T\u00e4tigkeiten an um die Ziele umzusetzen.<\/p>\n<p>Wir k\u00f6nnen noch viel Unterst\u00fctzung gebrauchen und sind auf Ihre Hilfe angewiesen:<\/p>\n<ul>\n<li>Sponsoring \/ Stiftung<\/li>\n<li>Spendensammlungen<\/li>\n<li>\u00d6ffentlichkeitsarbeit<\/li>\n<li>Aufbau vor Veranstaltungen \/ Abbau nach Veranstaltungen<\/li>\n<li>Dienste w\u00e4hrend Veranstaltungen (Getr\u00e4nke, Essen, Eingang, etc.)<\/li>\n<li>Arbeitseins\u00e4tze \/ Bauliches<\/li>\n<li>\u201eKuchenspenden\u201c<\/li>\n<\/ul>\n","protected":false},"excerpt":{"rendered":"<p>Ziel unseres F\u00f6rdervereins ist der Erhalt der Mehrzweckhalle. Deshalb haben wir am 18.01.2013 ein F\u00f6rderverein gegr\u00fcndet. Dies beinhaltet viel Arbeit,<\/p>\n","protected":false},"author":2,"featured_media":0,"parent":0,"menu_order":0,"comment_status":"closed","ping_status":"closed","template":"","meta":{"colormag_page_container_layout":"default_layout","colormag_page_sidebar_layout":"default_layout","ngg_post_thumbnail":0,"footnotes":""},"class_list":["post-51","page","type-page","status-publish","hentry"],"_links":{"self":[{"href":"https:\/\/mzh-muenster.de\/index.php?rest_route=\/wp\/v2\/pages\/51","targetHints":{"allow":["GET"]}}],"collection":[{"href":"https:\/\/mzh-muenster.de\/index.php?rest_route=\/wp\/v2\/pages"}],"about":[{"href":"https:\/\/mzh-muenster.de\/index.php?rest_route=\/wp\/v2\/types\/page"}],"author":[{"embeddable":true,"href":"https:\/\/mzh-muenster.de\/index.php?rest_route=\/wp\/v2\/users\/2"}],"replies":[{"embeddable":true,"href":"https:\/\/mzh-muenster.de\/index.php?rest_route=%2Fwp%2Fv2%2Fcomments&post=51"}],"version-history":[{"count":15,"href":"https:\/\/mzh-muenster.de\/index.php?rest_route=\/wp\/v2\/pages\/51\/revisions"}],"predecessor-version":[{"id":2021,"href":"https:\/\/mzh-muenster.de\/index.php?rest_route=\/wp\/v2\/pages\/51\/revisions\/2021"}],"wp:attachment":[{"href":"https:\/\/mzh-muenster.de\/index.php?rest_route=%2Fwp%2Fv2%2Fmedia&parent=51"}],"curies":[{"name":"wp","href":"https:\/\/api.w.org\/{rel}","templated":true}]}}