{"id":235,"date":"2013-06-26T15:32:01","date_gmt":"2013-06-26T13:32:01","guid":{"rendered":"http:\/\/mzh-muenster.de\/?page_id=235"},"modified":"2016-04-29T17:30:22","modified_gmt":"2016-04-29T15:30:22","slug":"veranstaltungen","status":"publish","type":"page","link":"https:\/\/mzh-muenster.de\/?page_id=235","title":{"rendered":"Veranstaltungen"},"content":{"rendered":"<p>Ab sofort k\u00f6nnen die Sporthalle, das Obergeschoss (mit angrenzender K\u00fcche), der Speisesaal im Erdgeschoss (mit angrenzender K\u00fcche und Getr\u00e4nketheke) sowie das Untergeschoss der Mehrzweckhalle f\u00fcr private Feiern und Verantstaltungen aller Art gemietet werden. Auf allen drei Etagen befinden sich sanit\u00e4re Anlagen. Nutzen Sie die gro\u00dfz\u00fcgigen und praktischen R\u00e4umlichkeiten der Mehrzweckhalle f\u00fcr Geburtstage, Kommunion, Konfirmation, Firmenfeiern oder \u00e4hnliches.<\/p>\n<p>Nach einer mehrw\u00f6chigen Vorbereitungszeit nun in der Mehrzweckhalle M\u00fcnster ein freies WLAN von Freifunk Limburg verf\u00fcgbar.<br \/>\nDie Anbindung an das Freifunk-Netz und somit auch an das Internet erfolgen \u00fcber einen privaten Internetanschluss. Diese Anbindung wurde mittels einer Richtfunkstrecke\u00a0 \u00fcber eine Distanz von ca. 800 Metern realisiert.<\/p>\n<p>F\u00fcr die Versorgung der Nutzer in der Halle wurden mehrere Router in der Halle installiert. Im Au\u00dfenbereich versorgt ein Outdoor Router den Platz vor der Halle,<br \/>\nso das nun, dauerhaft f\u00fcr alle Veranstaltungen in oder vor der Halle, ein freies WLAN zur Verf\u00fcgung steht.<\/p>\n<p>Weitere Informationen zu Freifunk\u00a0 und wie ihr mitmachen k\u00f6nnt findet ihr unter www.freifunk-limburg.de.<\/p>\n<p>F\u00fcr Mietanfragen und Reservierungen der MZH kontaktieren Sie bitte Frau Anneliese Kniesner.<br \/>\nTel.Nr.: 06483\/6662<br \/>\nMobil: 01601563914<br \/>\nEmail: kniesner@gmx.de<\/p>\n<p>Als Hallenwartin steht Ihnen Frau Susanne Pr\u00f6ll zu Verf\u00fcgung. Sie ist in Zukunft f\u00fcr die \u00dcbergabe und Einweisung der Mieter zust\u00e4ndig und unter der Telefonnummer 01715470321 erreichbar.<\/p>\n<p>F\u00fcr weitere Informationen k\u00f6nnen Sie unter folgendem Link weiteres einsehen:<\/p>\n<p><a href=\"http:\/\/tv-muenster-1902.de\/raeume-und-sportanlagen\/raeume-mieten\/\">TV M\u00fcnster 1902 e.V.<\/a><\/p>\n<p>&nbsp;<\/p>\n","protected":false},"excerpt":{"rendered":"<p>CONTENTS<\/p>\n","protected":false},"author":2,"featured_media":0,"parent":0,"menu_order":2,"comment_status":"closed","ping_status":"closed","template":"onecolumn-page.php","meta":{"colormag_page_container_layout":"default_layout","colormag_page_sidebar_layout":"default_layout","ngg_post_thumbnail":0,"footnotes":""},"class_list":["post-235","page","type-page","status-publish","hentry"],"_links":{"self":[{"href":"https:\/\/mzh-muenster.de\/index.php?rest_route=\/wp\/v2\/pages\/235","targetHints":{"allow":["GET"]}}],"collection":[{"href":"https:\/\/mzh-muenster.de\/index.php?rest_route=\/wp\/v2\/pages"}],"about":[{"href":"https:\/\/mzh-muenster.de\/index.php?rest_route=\/wp\/v2\/types\/page"}],"author":[{"embeddable":true,"href":"https:\/\/mzh-muenster.de\/index.php?rest_route=\/wp\/v2\/users\/2"}],"replies":[{"embeddable":true,"href":"https:\/\/mzh-muenster.de\/index.php?rest_route=%2Fwp%2Fv2%2Fcomments&post=235"}],"version-history":[{"count":10,"href":"https:\/\/mzh-muenster.de\/index.php?rest_route=\/wp\/v2\/pages\/235\/revisions"}],"predecessor-version":[{"id":1227,"href":"https:\/\/mzh-muenster.de\/index.php?rest_route=\/wp\/v2\/pages\/235\/revisions\/1227"}],"wp:attachment":[{"href":"https:\/\/mzh-muenster.de\/index.php?rest_route=%2Fwp%2Fv2%2Fmedia&parent=235"}],"curies":[{"name":"wp","href":"https:\/\/api.w.org\/{rel}","templated":true}]}}